n + 56. Let z(c) = -c**2 + 24*c + 31. List the prime factors of z(x).
2, 3, 29
Suppose -4*p + 5*s = s - 1468, -3*p + s + 1107 = 0. List the prime factors of p.
2, 5, 37
Let x be (-1)/((-3)/(-57))*-1. Let i = x - 11. What are the prime factors of i?
2
Let g(d) = -2*d**3 - 15*d**2 - 37*d - 13. What are the prime factors of g(-7)?
197
Let v be (-12)/15*-5*(-2)/(-4). Suppose 518 = 5*z + 4*u, -v*z + 3*u + 218 = u. List the prime factors of z.
2, 53
Suppose -2391*w + 2386*w + 3275 = 0. List the prime factors of w.
5, 131
Let n(t) = 6*t**3 - 43*t**2 + 9*t + 12. What are the prime factors of n(10)?
2, 17, 53
Suppose 4*c = 2*c - 66. Let q = c + 58. What are the prime factors of q?
5
Let c(z) = -z**3 + 7*z**2 - 8*z + 6. Let f be c(6). Let n(w) be the third derivative of -w**5/60 - w**4/3 - 7*w**3/6 + 2*w**2. List the prime factors of n(f).
5
Let c(h) = -h + 3. Let u be c(0). Let m(q) = -12*q**u - 4 - 4*q**3 + 15*q**3. What are the prime factors of m(-3)?
23
Let p = 294 + -168. List the prime factors of p.
2, 3, 7
Let y = -22 + 26. Suppose 0 = -y*i + 630 + 362. List the prime factors of i.
2, 31
Suppose -y - 2*r - 21 = 0, -5*y + 0*r + r = 72. Let h = 34 + y. List the prime factors of h.
19
Let k(y) = 285*y**2 - y + 2. What are the prime factors of k(-1)?
2, 3
List the prime factors of 4397 + (5 - (32/(-8) + 7)).
53, 83
Let d be (1/(-2))/((-2)/12). Suppose 82 + 131 = d*h. What are the prime factors of h?
71
Let l(y) = y**3 - 6*y**2 + 8*y + 4. Let a be l(4). List the prime factors of a/10 + 828/30.
2, 7
Suppose 5*f + 3*m + 10 = -45, 3*f + m + 29 = 0. Let t(k) = 2*k**2 + 12*k - 10. What are the prime factors of t(f)?
2, 11
Suppose -229*p = -228*p - 828. What are the prime factors of p?
2, 3, 23
Let x(z) = -z**3 - 6*z**2 + 8*z + 14. Let g(l) = -l**3 - 11*l**2 - 8*l + 13. Let h be 106/(-10) - (-3)/5. Let s be g(h). What are the prime factors of x(s)?
7
Suppose 350 = -f + 3*j + 2374, -3*f - 2*j = -6017. List the prime factors of f.
7, 41
Let u(p) = 704*p**2 + 10*p. What are the prime factors of u(1)?
2, 3, 7, 17
List the prime factors of (-1)/(-5) + (9 - (-7949)/5).
3, 13, 41
What are the prime factors of (-2)/5 + 7910/25 - -1?
317
Suppose 3*d - 714 = -3*q, -2*q + 764 = 3*d + 45. What are the prime factors of d?
3
Let t = -58 + 102. Suppose 2*r - 4*g - 176 = 0, -3*r + 2*g + 212 = -t. What are the prime factors of r?
2, 3, 7
Suppose -48*m + 31*m + 1343 = 0. What are the prime factors of m?
79
Let o(l) = -2*l**3 - l**2 - 5*l - 4. Suppose 0 = 5*u + t + 16, -4*t - 19 = 3*u + 2*u. List the prime factors of o(u).
2, 7
Let i = 2544 - 1336. List the prime factors of i.
2, 151
Let a(u) = u**3 + 3*u**2 - 2*u - 1. Let w(i) = i - 2. Let o(h) = -2. Let p(x) = 3*o(x) - 2*w(x). Let j be p(0). List the prime factors of a(j).
7
Let r(z) = -3*z - 13. Let f be (-10)/85 + 200/(-34). Let q be r(f). Let n(g) = 2*g**2 - 5*g + 4. What are the prime factors of n(q)?
29
List the prime factors of 145638/93 + 3*1.
3, 523
Let k = 867 - 538. List the prime factors of k.
7, 47
What are the prime factors of -3 - (117952/(-176) + (-2)/(-11))?
23, 29
List the prime factors of 3/(-2*(-1)/(-4548)*-2).
3, 379
Let n be (-9)/(0 + 2/14). Let r = n + 121. Let j = -32 + r. What are the prime factors of j?
2, 13
Suppose -17 = -5*s + 3. Suppose 3*y - s*y = 0. Suppose -2*j + 12 = -y*j. List the prime factors of j.
2, 3
Let h be -1*(3/3 - -108). Let c = h - -65. Let g = c + 80. What are the prime factors of g?
2, 3
Suppose 4*i - 100 = -272. Let h = i - -99. What are the prime factors of h?
2, 7
Suppose -2*c = -12 - 8. Suppose c*f = 9*f + 3. Suppose f*n = 32 + 25. List the prime factors of n.
19
Suppose -10*j + 11757 = 3287. What are the prime factors of j?
7, 11
Suppose 22*z + 4 = 23*z. Suppose 4*h - 18 = z*q + 14, 0 = 5*q. What are the prime factors of h?
2
Let z(w) be the first derivative of -8*w**2 + 19*w - 5. What are the prime factors of z(-5)?
3, 11
What are the prime factors of (-4 + 24/4)*(-10)/(-4)?
5
Suppose -15 = 3*m, 3*m - 7*m = 2*k - 200. Suppose 5*z + 5*p = 245, 85 = 4*z + 5*p - k. List the prime factors of z.
2, 5
Let j(l) = 8*l - 93. List the prime factors of j(40).
227
Let p = -595 - -422. Let c = p - -361. List the prime factors of c.
2, 47
Suppose -11 - 11 = -2*f. Suppose -f*o + 10*o + 47 = 0. Suppose 9*u = 10*u - o. What are the prime factors of u?
47
Suppose 11*t + 2 = 12*t. Suppose 4*m = t*s + 64, 3*s + 109 = -m - 1. List the prime factors of -1 + (-3 - -7) - s.
3, 13
Let d be 3/(-2)*(-105 + 3). Let x = d - 105. What are the prime factors of x?
2, 3
Let n(s) = 3*s**2 - 2*s + 22. What are the prime factors of n(-11)?
11, 37
Let b(v) = -v**2 + 8*v + 12. Let q be b(9). Suppose 0 = -q*s - 2*p + 88, s + 3*p = 2*s - 33. What are the prime factors of s?
2, 3, 5
Let b(i) = 13*i**2 - 20*i**2 + 10*i**2 + 7*i. List the prime factors of b(-7).
2, 7
List the prime factors of 216873/54 + -16 + (-1)/6.
2, 5
Suppose -51173 = 35*f - 223653. List the prime factors of f.
2, 7, 11
Let m(s) = 15*s**2 + 18*s + 1. List the prime factors of m(-10).
1321
Let c be 560/12*(-21)/(-4). Suppose 0 = 5*k - 4*i - 245, 4*k + k = 5*i + c. List the prime factors of k.
7
Let h be 3/(0 + 12/8). Suppose -5*x - h*n = -0*n - 7, 0 = -4*x + 3*n + 24. Suppose -x*y = -99 - 111. What are the prime factors of y?
2, 5, 7
Let s(x) = -x - 6. Let h be s(-8). Suppose -2*v + 3*o + 80 = 0, 2*v + h*v + o - 132 = 0. List the prime factors of v.
2, 17
Let n(k) = -60*k + 126*k - 72 - 50*k. What are the prime factors of n(6)?
2, 3
Let c = 555 - 156. What are the prime factors of c?
3, 7, 19
Let g(t) = -t**2 - 18*t + 30. Let s(c) = -2*c**2 - 14. Let z be s(0). List the prime factors of g(z).
2, 43
Let a be ((-24)/(-21))/(8/28). Let r be 2/(2*a/(-372)). Let c = -58 - r. What are the prime factors of c?
5, 7
List the prime factors of (-535)/(-20)*2*4.
2, 107
Let l be 7/((-21)/(-4)) + 16/6. Suppose l*s + 2*w = 328, 0 = -4*s - 2*w + 6*w + 304. List the prime factors of s.
2, 5
Let q = 219 - 341. Let a = -35 - q. Suppose 3*j = -2*r + a, 4*r - 171 = -2*j - 3*j. List the prime factors of r.
3, 13
Suppose 5*j + 3*g - 5 = 4*j, 0 = -j - 4*g + 5. Suppose -4*c + 8 = j*z - z, 2*z = -c. Suppose h - 47 = c*r, h + 0*h - 3*r = 47. What are the prime factors of h?
47
Suppose -5*m + 3*m - 1038 = 0. What are the prime factors of (-2)/(-7) + m/(-21) + -5?
2, 5
Let p = 10 + -4. Let z be (-3)/p*(-3 + 3). Suppose -64 = -4*b + 2*q, 0 = -b + q - z*q + 17. List the prime factors of b.
3, 5
Let c = 4008 + -1441. List the prime factors of c.
17, 151
Let p = -593 + 641. List the prime factors of p.
2, 3
Suppose -2*f - 1 = -c, 0 = 2*c - 3*f + 2*f - 5. Suppose 4*j = 4, 573 = 7*s - 4*s - c*j. List the prime factors of s.
2, 3
Let s = -371 - -358. Suppose -x = -5*t - 205, -7*t - 5*x = -2*t + 205. Let i = s - t. List the prime factors of i.
2, 7
Let j(g) = 2*g**2 - 8*g + 12. Suppose 7*s - 4*s - 27 = 0. Let c be j(s). Suppose -3*a + c = 27. What are the prime factors of a?
5
Suppose p = 4*p - 90. Let x be (3/(-5))/(6/p). Let t(n) = -6*n - 5. List the prime factors of t(x).
13
Let d(y) = -y + 11. Suppose -15*j + 12*j = -24. List the prime factors of d(j).
3
Let s = -23 - -28. Suppose 0 = -s*o - y + 122, -o - 50 = -3*o - y. List the prime factors of o.
2, 3
Let v = -546 + 2751. What are the prime factors of v?
3, 5, 7
Let k(m) = -m**3 + 6*m**2 - 3*m + 2. Let a be k(5). Let b = a + -12. What are the prime factors of 7*(-2 - (b + -3))?
7
Let n(r) = -2 + 1 + 0 - 2 + r. Let j be n(8). Suppose 0 = -2*w - 4*z - 13 + 85, -j*w + 180 = 3*z. List the prime factors of w.
2, 3
Let o(k) = -16*k + 62. Let v be o(-6). Suppose -9*m + v = -85. What are the prime factors of m?
3
Suppose -8*m + 524 + 52 = 0. What are the prime factors of m?
2, 3
Suppose 0 = -42*c + 101851 + 12809. What are the prime factors of c?
2, 3, 5, 7, 13
Let s be 4/((-2 + 0)*(-3)/6). Suppose -s*j + 10*j = 528. List the prime factors of j.
2, 11
Let s be 6/10*(-5)/(-1). Let m(x) = -x**3 + 4*x**2 + 5. Let h be m(4). Suppose s*n + h*k = 6, 0 = -5*n - 5*k + 20. What are the prime factors of n?
7
Let z be (2 - 172)*(-8)/10. Let f = -87 + z. What are the prime factors of f?
7
Suppose -12*d = -11*d - 5. Suppose -4*u + 411 = -u. Suppose d*h = u - 2. List the prime factors of h.
3
Let x = 9500 - 5154. List the prime factors of x